= 4*z - 7*c + 3*c - 36. Calculate the greatest common divisor of 72 and z.
9
Suppose -5*p = -16 + 6. Let i be 141 - 2/p*2. Suppose 4*y - 5*y = -5*z - 35, -2*z = 3*y - i. What is the greatest common divisor of y and 5?
5
Suppose -7 = -g - 2. What is the highest common factor of g and 45?
5
Let w(d) = d**3 + 4*d**2 + 4*d - 1. Let y be w(-3). Let z(a) = a**2 - 5. Let c be z(y). Calculate the greatest common divisor of c and 11.
11
Let h be 20*(-4 - 27/(-6)). Calculate the highest common factor of h and 80.
10
Let f be (-83 - (-1 + 2))*(-2)/4. What is the greatest common factor of 105 and f?
21
Suppose 4*u = -4*t - 12, 5*u + 13 + 16 = 2*t. Calculate the highest common factor of 8 and t.
2
Suppose 0 = -3*t + 6*t - 48. Let c = 239 + -337. Let q = c - -138. What is the highest common factor of t and q?
8
Let u be -4 + 3 + -1 + 10. Suppose -145 = -3*s - 2*s. Let x = s - -19. What is the greatest common factor of x and u?
8
Suppose 0 = -3*n + 25 + 11. Let t = 24 - n. Suppose j + j - 5*u = 70, 0 = 4*j + u - 118. Calculate the greatest common divisor of t and j.
6
Suppose 2*i = 4*i - 6. Suppose -5*w + 6 = i*z - 29, 70 = 4*z + 2*w. Let x(a) = -3*a - 95. Let d be x(-33). Calculate the highest common divisor of d and z.
4
Suppose 4*l = -l. Let r(x) = x**2 - x + 18. Let g be r(l). Calculate the greatest common divisor of 45 and g.
9
Let b be (7 + -1)*(3 + -2). Suppose 3*j - 4*u + 108 - 345 = 0, -2*u + 338 = 4*j. Let h = -35 + j. Calculate the greatest common divisor of h and b.
6
Suppose -10*c - 110 = -20*c. What is the greatest common divisor of 88 and c?
11
Suppose -2*c + 70 = -2*x, 0 = 3*c + 2*x - 53 - 37. Calculate the highest common divisor of c and 8.
8
Let u be ((-40)/6)/(1/(-3)). Suppose 5*d = -2*m + 38, 5*d - 20 = -3*m + 37. Let y = m + -11. What is the greatest common factor of u and y?
4
Suppose j - 85 = -4*j. Let d = 2368 + -1569. Suppose 5*h = -204 + d. What is the highest common factor of h and j?
17
Let t(i) = -i**3 + 5*i**2 + 5. Let w be t(5). Suppose -w*p = -3*p - 6. Calculate the highest common divisor of 1 and p.
1
Let f = 132 - 84. Calculate the greatest common divisor of f and 6.
6
Suppose 5*s - 4*u + 8 = 0, 6 = -s - 2*u + 5*u. Suppose 22 = -s*p + p. What is the highest common divisor of 154 and p?
22
Let z = -340 - -580. What is the greatest common divisor of z and 30?
30
Let s be 16/10 + (-8)/(-20). Suppose -u + 4*u + 3 = 0. Let k be u/(-2) + 7/s. What is the highest common divisor of k and 4?
4
Let v = -6 + 8. Suppose -3*w = -w - 4. Let p = v + w. What is the highest common divisor of 20 and p?
4
Suppose -4*b = b - 45. Let k(c) = -c**3 - c - 1. Let y be k(-1). Let q be (3 - 1)*y/2. What is the highest common factor of q and b?
1
Let s(j) = j + 1. Let p be s(12). What is the highest common divisor of 13 and p?
13
Suppose 0*j - 3*j + 15 = 0. Suppose j*l = l. Suppose t = l, -t = -4*d + 4 + 56. What is the greatest common factor of 10 and d?
5
Let y(w) = 2*w**2 - 10*w**2 - 8*w - 4 + w**3 + 2*w - 2*w. Let f be y(9). Let p = -33 + 48. Calculate the highest common factor of p and f.
5
Let v be 0 + (50 - (-2 + 0)). Let y be (-6)/(-9) + v/3. Calculate the greatest common factor of 6 and y.
6
Let c = 1 + 21. Let s = 38 - c. What is the greatest common divisor of s and 2?
2
Let z = -9 + 13. Let n be (-2 + z)*154/4. Suppose 66 = -6*u + 12*u. What is the highest common divisor of n and u?
11
Let c = 0 - -8. Let h(v) = -v**2 + 14*v - 18. Let y be h(12). Let f be (80/12)/(2/y). Calculate the greatest common factor of c and f.
4
Let q be (-12)/54 - (-11)/9. Let d be (10/3)/(q/6). What is the greatest common divisor of d and 180?
20
Let c be ((-3)/(-2))/((-2)/(-4)). Suppose l + 2 = c*l. Suppose -r = -7 - l. Calculate the highest common factor of r and 1.
1
Suppose 3*m - 2*s + 6*s = -3, -5*m + 3*s + 24 = 0. Let j = -114 + 117. Calculate the greatest common divisor of m and j.
3
Let w be -1*-18*8/12. What is the highest common factor of 228 and w?
12
Let o = -3 + 2. Let c be 8 + (-3 - o) + -1. Suppose 2*g - 55 = -3*u, c*u - 48 = 4*g + 29. What is the greatest common divisor of u and 187?
17
Let a = -46 + 72. Calculate the greatest common factor of 39 and a.
13
Let o be 7 - 8/(-4) - 0. Suppose 5*l + j = -5, 0*j + 4*j = -5*l - 20. Let a(b) = -b + 3. Let z be a(l). What is the highest common factor of z and o?
3
Let u = 38 - 5. Suppose -6*p + u = -3*p. Let a be ((-22)/6)/(1/(-3)). Calculate the greatest common factor of a and p.
11
Let r = 11 + -6. Calculate the greatest common divisor of r and 115.
5
Let l be ((-1 - 0)*-10)/(-1). Let x be 1/(-4)*14*l. Let m = 9 + -4. Calculate the highest common factor of x and m.
5
Suppose b + 4*b = -3*u + 87, 56 = 4*b - u. Suppose 5*x = -5*n + 45, 6*n + b = 5*x + n. Suppose -29 + 161 = 2*i. Calculate the highest common factor of x and i.
6
Let d(b) = -4*b + 41. Let z be d(7). What is the greatest common divisor of 13 and z?
13
Suppose -n - 145 = -6*n. Calculate the greatest common divisor of n and 87.
29
Let o(g) = g**2 - 7*g - 5. Let i be o(8). What is the greatest common factor of 33 and i?
3
Suppose -3*u = -0*u - 36. What is the greatest common divisor of u and 18?
6
Let g(d) = 12*d - 2. Let c be g(-2). Let p = c - -37. Calculate the greatest common divisor of 11 and p.
11
Let c(t) = 74*t - 2. Let h be c(3). Let i = h - 31. What is the greatest common divisor of i and 21?
21
Suppose 5*q = 3*n - 26, -2*q = 4*n - 1 - 25. Suppose n = g - 10. What is the greatest common factor of 17 and g?
17
Let q(k) = -95*k + 2. Let r be q(-2). What is the greatest common divisor of 24 and r?
24
Let i = 20 + -25. Let w(u) = u**2 + 7 + 0*u**2 - 2 + 2*u. Let a be w(i). What is the highest common factor of a and 5?
5
Let u = 63 + -47. Calculate the highest common factor of 16 and u.
16
Let f = 3 - 0. Suppose 21 = -2*j - 5*y, f*y + 0*y = 2*j - 3. Let a(s) = -s**2 - 7*s - 3. Let m be a(j). Calculate the highest common divisor of 9 and m.
9
Let u be 5/(10/132)*1. Suppose v + u = 4*v. What is the highest common divisor of 55 and v?
11
Let h = -4 - -15. What is the highest common factor of h and 22?
11
Let c(j) = 13*j + 3. Let l be c(4). Suppose -m - 2*u - 94 = -5*m, 2*m - 2*u - 50 = 0. Calculate the highest common divisor of l and m.
11
Let g be (15/6 - 2)*12. Suppose -g*y = -0*y - 1980. What is the highest common factor of y and 30?
30
Suppose 50 - 14 = 3*g. Suppose 4*o - 106 = -o + a, -3*o = 4*a - 59. Suppose 2*b - o = 3. What is the greatest common divisor of b and g?
12
Let v be 2/5 + (-790)/(-25). What is the greatest common divisor of v and 112?
16
Let g = -168 + 108. Let w be 1/((-1)/g + 0). What is the highest common factor of w and 12?
12
Let b = -1 - -3. Suppose 0 = -n + b*n - 14. Calculate the greatest common factor of n and 35.
7
Let l(d) = 4*d**3 + 2*d**2 - 3*d. Let k be l(3). What is the greatest common divisor of k and 13?
13
Let n be 2384/(-36) - 2/(-9). Suppose o - 3*d - 58 = 31, o + 2*d = 104. Let h = o + n. What is the greatest common factor of 4 and h?
4
Suppose -4*z + 35 - 3 = 0. Suppose 0 = -5*d + z + 2. Calculate the greatest common factor of d and 4.
2
Let n(h) = h**2 + 0*h**2 + 0*h**2 + 56. Let w be n(0). Suppose -32 = -2*a - f, -14 - 32 = -3*a - f. Calculate the highest common divisor of a and w.
14
Suppose 3*c = -69 + 234. Let x = 0 + 4. Suppose -x*q = 2*t - t - 49, 2*t = 2*q - 12. Calculate the greatest common factor of q and c.
11
Suppose 1 = -4*j + k + 2, k + 2 = 5*j. Suppose 86 = f - 4*c + 2*c, -c + j = 0. What is the highest common divisor of f and 8?
8
Let p = 133 + -45. Suppose 12*r + p = 13*r. What is the highest common divisor of 11 and r?
11
Let m = -19 + 14. Let n be 1 - (4 + m + -6). Calculate the highest common factor of n and 4.
4
Let k(y) = -y**3 + 5*y**2 + 7*y - 7. Let h be k(6). Let b = h - -4. Let f = -2 + b. What is the greatest common divisor of 5 and f?
1
Suppose -40*u + 28 = -36*u. Calculate the greatest common factor of u and 35.
7
Let y = -5 + 15. Calculate the highest common factor of y and 110.
10
Suppose 1 = 2*j - 15. What is the greatest common divisor of 64 and j?
8
Suppose 0 = -l - 5*z - 19, 0 = 5*l + 5*z - 2 - 3. Calculate the greatest common factor of l and 2.
2
Suppose 0 = n + 25 - 77. Suppose 0 = -a - 0*a + 2. Suppose a*p + 2*p - 52 = 0. What is the highest common factor of n a